?
9
Calculate the highest common factor of 106 and 265.
53
What is the highest common factor of 1185 and 15?
15
Calculate the greatest common factor of 112 and 34188.
28
What is the greatest common factor of 70 and 385?
35
What is the highest common divisor of 68 and 1292?
68
What is the highest common divisor of 3937 and 31?
31
Calculate the greatest common divisor of 9 and 225.
9
What is the greatest common factor of 183 and 4209?
183
Calculate the greatest common divisor of 876 and 19491.
219
What is the greatest common divisor of 40584 and 304?
152
What is the greatest common divisor of 28 and 126?
14
What is the greatest common divisor of 126 and 306?
18
Calculate the highest common factor of 5 and 135.
5
Calculate the highest common divisor of 88 and 248.
8
Calculate the greatest common divisor of 65 and 169.
13
What is the greatest common divisor of 103 and 1751?
103
What is the greatest common divisor of 630 and 490?
70
What is the highest common factor of 199 and 9751?
199
What is the highest common factor of 240 and 48?
48
What is the greatest common factor of 4295 and 5?
5
What is the greatest common factor of 845 and 2405?
65
Calculate the greatest common factor of 33 and 9031.
11
Calculate the highest common divisor of 112 and 3760.
16
What is the greatest common divisor of 126 and 1782?
18
What is the greatest common divisor of 117 and 91?
13
Calculate the greatest common factor of 5184 and 72.
72
What is the highest common factor of 45 and 2520?
45
What is the greatest common divisor of 6 and 486?
6
What is the greatest common divisor of 288 and 8480?
32
What is the highest common divisor of 119 and 153?
17
What is the highest common factor of 164 and 287?
41
Calculate the highest common divisor of 3297 and 21.
21
Calculate the greatest common divisor of 26 and 17498.
26
Calculate the highest common divisor of 4 and 92.
4
What is the highest common factor of 53 and 6784?
53
What is the greatest common divisor of 31 and 1519?
31
Calculate the highest common factor of 276 and 6164.
92
Calculate the highest common divisor of 20 and 4365.
5
Calculate the highest common factor of 1529 and 11.
11
Calculate the highest common factor of 1816 and 8.
8
Calculate the greatest common divisor of 36 and 1056.
12
What is the greatest common divisor of 410 and 10?
10
Calculate the highest common factor of 168 and 2328.
24
Calculate the greatest common divisor of 35 and 560.
35
What is the greatest common divisor of 21 and 196?
7
Calculate the greatest common factor of 1246 and 14.
14
Calculate the highest common factor of 111 and 177.
3
What is the greatest common factor of 5065 and 10?
5
Calculate the highest common factor of 44 and 13464.
44
What is the greatest common divisor of 55 and 220?
55
Calculate the greatest common factor of 1521 and 78.
39
Calculate the highest common factor of 39 and 2093.
13
Calculate the greatest common factor of 56296 and 248.
248
Calculate the greatest common divisor of 506 and 462.
22
What is the greatest common factor of 168 and 231?
21
Calculate the greatest common factor of 1035 and 285.
15
Calculate the highest common divisor of 1722 and 2058.
42
Calculate the greatest common factor of 316 and 15326.
158
Calculate the greatest common divisor of 24 and 1188.
12
Calculate the highest common factor of 699 and 3.
3
What is the highest common divisor of 140 and 100?
20
Calculate the highest common divisor of 8229 and 39.
39
Calculate the highest common divisor of 384 and 37056.
192
Calculate the highest common divisor of 7 and 1939.
7
Calculate the highest common divisor of 77 and 27181.
77
What is the greatest common divisor of 754 and 986?
58
Calculate the highest common divisor of 35 and 280.
35
Calculate the highest common factor of 6567 and 165.
33
Calculate the greatest common factor of 114 and 828.
6
Calculate the greatest common divisor of 42 and 17178.
42
What is the greatest common divisor of 110 and 2398?
22
Calculate the highest common factor of 177 and 649.
59
What is the highest common factor of 32 and 2144?
32
Calculate the greatest common factor of 143 and 299.
13
What is the highest common factor of 210 and 70?
70
Calculate the highest common divisor of 4 and 1844.
4
What is the greatest common factor of 18 and 9?
9
Calculate the greatest common divisor of 1008 and 2304.
144
Calculate the greatest common factor of 39 and 52.
13
Calculate the highest common divisor of 52 and 39.
13
Calculate the highest common divisor of 968 and 8.
8
What is the highest common divisor of 231 and 88?
11
Calculate the greatest common divisor of 30 and 500.
10
What is the greatest common factor of 80 and 920?
40
Calculate the highest common divisor of 10 and 80.
10
What is the highest common divisor of 81 and 567?
81
Calculate the highest common factor of 686 and 1.
1
What is the highest common factor of 833 and 17?
17
Calculate the highest common factor of 5523 and 84.
21
What is the greatest common divisor of 115 and 5?
5
What is the greatest common factor of 28 and 34?
2
Calculate the greatest common divisor of 325 and 200.
25
What is the greatest common divisor of 864 and 800?
32
What is the greatest common factor of 74 and 2479?
37
Calculate the greatest common factor of 4 and 492.
4
What is the highest common divisor of 548 and 16?
4
What is the highest common factor of 345 and 210?
15
What is the highest common factor of 1770 and 690?
30
What is the highest common factor of 243 and 9?
9
Calculate the greatest common factor of 344 and 2537.
43
Calculate the highest common factor of 5 and 6385.
5
Calculate the highest common factor of 312 and 384.
24
What is the highest common divisor of 22650 and 151?
151
What is the greatest common divisor of 560 and 4032?
112
What is the greatest common factor of 34 and 221?
17
What is the greatest common divisor of 448 and 322?
14
What is the greatest common divisor of 944 and 64?
16
Calculate the highest common divisor of 24 and 156.
12
Calculate the highest common factor of 15 and 795.
15
What is the greatest common factor of 324 and 804?
12
Calculate the greatest common divisor of 90 and 225.
45
Calculate the highest common divisor of 156 and 13.
13
Calculate the greatest common divisor of 9169 and 346.
173
What is the greatest common factor of 324 and 135?
27
What is the highest common divisor of 33 and 9911?
11
Calculate the greatest common factor of 1738 and 474.
158
Calculate the highest common divisor of 513 and 54.
27
What is the greatest common divisor of 21113 and 215?
43
What is the greatest common divisor of 186 and 11904?
186
Calculate the highest common divisor of 1508 and 208.
52
Calculate the greatest common factor of 46108 and 4.
4
Calculate the highest common divisor of 161 and 6923.
161
Calculate the highest common factor of 83472 and 37.
37
Calculate the highest common divisor of 36 and 204.
12
Calculate the highest common factor of 528 and 96.
48
What is the highest common factor of 40 and 144?
8
Calculate the highest common factor of 1 and 14.
1
Calculate the highest common factor of 4320 and 12.
12
What is the greatest common factor of 2392 and 10856?
184
Calculate the greatest common divisor of 144 and 880.
16
What is the greatest common factor of 168 and 42?
42
Calculate the greatest common divisor of 135 and 615.
15
Calculate the highest common divisor of 17 and 2397.
17
Calculate the greatest common factor of 214 and 321.
107
What is the greatest common divisor of 8 and 14?
2
Calculate the greatest common divisor of 17 and 1581.
17
Calculate the highest common divisor of 26 and 2834.
26
Calculate the greatest common factor of 4 and 196.
4
What is the greatest common factor of 4802 and 392?
98
What is the highest common factor of 63 and 288?
9
Calculate the greatest common divisor of 13 and 13.
13
What is the greatest common divisor of 2910 and 960?
30
Calculate the highest common factor of 14773 and 374.
187
What is the greatest common divisor of 44 and 76?
4
What is the greatest common factor of 832 and 520?
104
Calculate the highest common factor of 41 and 697.
41
Calculate the greatest common factor of 20 and 32.
4
What is the highest common divisor of 1886 and 902?
82
What is the greatest common factor of 960 and 600?
120
Calculate the 